 factors of 945622.
2, 23, 61, 337
What are the prime factors of 58568?
2, 7321
What are the prime factors of 484501?
73, 6637
List the prime factors of 1061841.
3, 11, 23, 1399
What are the prime factors of 4179563?
19, 219977
What are the prime factors of 979582?
2, 489791
What are the prime factors of 11711064?
2, 3, 67, 7283
What are the prime factors of 2361097?
53, 44549
List the prime factors of 453132.
2, 3, 41, 307
List the prime factors of 572031.
3, 63559
List the prime factors of 16407132.
2, 3, 7, 37, 5279
What are the prime factors of 535014?
2, 3, 29723
List the prime factors of 9970087.
9970087
What are the prime factors of 1585882?
2, 792941
What are the prime factors of 85566?
2, 3, 13, 1097
List the prime factors of 187634.
2, 23, 4079
List the prime factors of 173656.
2, 7, 443
What are the prime factors of 5402955?
3, 5, 360197
What are the prime factors of 517139?
7, 73877
List the prime factors of 820895.
5, 19, 8641
What are the prime factors of 16125060?
2, 3, 5, 7, 38393
What are the prime factors of 164514?
2, 3, 7, 3917
What are the prime factors of 147252?
2, 3, 7, 1753
What are the prime factors of 374762?
2, 23, 8147
What are the prime factors of 3689900?
2, 5, 36899
What are the prime factors of 3155905?
5, 631181
What are the prime factors of 5541846?
2, 3, 923641
List the prime factors of 117007.
11, 967
List the prime factors of 1555953.
3, 7, 74093
What are the prime factors of 6298426?
2, 277, 11369
What are the prime factors of 103086?
2, 3, 23, 83
What are the prime factors of 2142684?
2, 3, 53, 1123
What are the prime factors of 5514231?
3, 269, 6833
What are the prime factors of 920436?
2, 3, 11, 19, 367
What are the prime factors of 817258?
2, 13, 17, 43
What are the prime factors of 1553560?
2, 5, 38839
List the prime factors of 11922398.
2, 5961199
List the prime factors of 123923.
123923
What are the prime factors of 17727068?
2, 313, 14159
List the prime factors of 1237602.
2, 3, 313, 659
What are the prime factors of 8478972?
2, 3, 78509
List the prime factors of 7410953.
11, 31, 103, 211
List the prime factors of 2943.
3, 109
What are the prime factors of 39910?
2, 5, 13, 307
List the prime factors of 2053672.
2, 19, 59, 229
List the prime factors of 109564.
2, 7, 13, 43
List the prime factors of 331877.
7, 13, 521
What are the prime factors of 1292029?
1292029
List the prime factors of 191941.
367, 523
List the prime factors of 2320847.
2320847
What are the prime factors of 241321?
241321
What are the prime factors of 2148909?
3, 7, 102329
List the prime factors of 28025.
5, 19, 59
What are the prime factors of 420820?
2, 5, 53, 397
List the prime factors of 1206769.
1206769
List the prime factors of 1596996.
2, 3, 31, 53
What are the prime factors of 20851457?
11, 1895587
List the prime factors of 185489.
251, 739
What are the prime factors of 11258967?
3, 71, 52859
List the prime factors of 1240795.
5, 19, 37, 353
List the prime factors of 338051.
7, 6899
List the prime factors of 7060138.
2, 3530069
What are the prime factors of 7737850?
2, 5, 43, 59, 61
List the prime factors of 477221.
477221
What are the prime factors of 3180570?
2, 3, 5, 106019
List the prime factors of 2498293.
7, 173, 2063
What are the prime factors of 5511?
3, 11, 167
List the prime factors of 6540994.
2, 3270497
List the prime factors of 551481.
3, 7, 26261
List the prime factors of 1179430.
2, 5, 7, 29, 83
List the prime factors of 2864248.
2, 358031
What are the prime factors of 313333?
313333
List the prime factors of 709618.
2, 7, 13, 557
List the prime factors of 14635188.
2, 3, 135511
List the prime factors of 13085379.
3, 31, 46901
What are the prime factors of 136719?
3, 11, 1381
List the prime factors of 588416.
2, 4597
List the prime factors of 937090.
2, 5, 7, 11, 1217
List the prime factors of 564258.
2, 3, 157, 599
What are the prime factors of 7423401?
3, 89, 27803
List the prime factors of 33440494.
2, 19, 101, 8713
List the prime factors of 1036338.
2, 3, 83, 2081
List the prime factors of 2900028.
2, 3, 67, 3607
List the prime factors of 460623.
3, 53, 2897
List the prime factors of 2818041.
3, 939347
List the prime factors of 2475361.
7, 199, 1777
What are the prime factors of 8760835?
5, 823, 2129
What are the prime factors of 20700?
2, 3, 5, 23
What are the prime factors of 248095?
5, 29, 59
What are the prime factors of 391439?
197, 1987
What are the prime factors of 204538?
2, 31, 3299
List the prime factors of 7767786.
2, 3, 13, 53, 1879
List the prime factors of 302156.
2, 75539
List the prime factors of 241445.
5, 43, 1123
What are the prime factors of 14879096?
2, 1193, 1559
List the prime factors of 86596.
2, 21649
What are the prime factors of 13680?
2, 3, 5, 19
List the prime factors of 7481006.
2, 13, 287731
What are the prime factors of 11009332?
2, 1381, 1993
What are the prime factors of 589001?
7, 84143
List the prime factors of 7178424.
2, 3, 11, 27191
What are the prime factors of 246707?
246707
What are the prime factors of 32215554?
2, 3, 7, 255679
What are the prime factors of 1797110?
2, 5, 7, 25673
What are the prime factors of 113548?
2, 28387
List the prime factors of 347058.
2, 3, 6427
List the prime factors of 1743338.
2, 139, 6271
List the prime factors of 306558.
2, 3, 7, 811
List the prime factors of 450201.
3, 150067
What are the prime factors of 587967?
3, 37, 5297
What are the prime factors of 12246792?
2, 3, 19, 107, 251
List the prime factors of 1072789.
23, 46643
List the prime factors of 242688.
2, 3, 79
List the prime factors of 313358.
2, 156679
List the prime factors of 222402.
2, 3, 101, 367
What are the prime factors of 4219956?
2, 3, 13, 71, 127
What are the prime factors of 772688?
2, 7, 6899
List the prime factors of 5091793.
7, 727399
List the prime factors of 67630.
2, 5, 6763
What are the prime factors of 1313456?
2, 103, 797
List the prime factors of 329866.
2, 23, 71, 101
What are the prime factors of 21396617?
11, 997, 1951
What are the prime factors of 270424?
2, 7, 11, 439
What are the prime factors of 4752822?
2, 3, 197, 4021
What are the prime factors of 36055345?
5, 47, 153427
List the prime factors of 8970709.
11, 815519
List the prime factors of 1103969.
37, 29837
List the prime factors of 348149.
348149
What are the prime factors of 1543091?
11, 140281
List the prime factors of 858466.
2, 7, 17, 3607
List the prime factors of 21179993.
61, 103, 3371
What are the prime factors of 20071646?
2, 7, 1433689
List the prime factors of 18535820.
2, 5, 719, 1289
List the prime factors of 9693.
3, 359
What are the prime factors of 3906090?
2, 3, 5, 17, 23, 37
List the prime factors of 137791.
137791
What are the prime factors of 11340528?
2, 3, 236261
What are the prime factors of 1625875?
5, 13007
List the prime factors of 258381.
3, 19, 1511
List the prime factors of 343490.
2, 5, 7, 701
List the prime factors of 2494310.
2, 5, 7, 13, 2741
What are the prime factors of 6969223?
1741, 4003
List the prime factors of 27600138.
2, 3, 23, 163, 409
List the prime factors of 969002.
2, 73, 6637
List the prime factors of 14044618.
2, 7, 17, 59011
What are the prime factors of 820042?
2, 23, 17827
What are the prime factors of 223482?
2, 3, 7, 17, 313
List the prime factors of 6472157.
6472157
List the prime factors of 13288623.
3, 199, 22259
What are the prime factors of 1776268?
2, 13, 34159
What are the prime factors of 24088514?
2, 43, 280099
List the prime factors of 1460998.
2, 7, 11, 53, 179
What are the prime factors of 5134446?
2, 3, 19, 15013
List the prime factors of 1472055.
3, 5, 13, 7549
What are the prime factors of 26049218?
2, 13, 83, 12071
List the prime factors of 1850411.
443, 4177
What are the prime factors of 3062129?
7, 151, 2897
What are the prime factors of 28898392?
2, 19, 190121
What are the prime factors of 2840269?
2840269
List the prime factors of 3038213.
3038213
What are the prime factors of 21711225?
3, 5, 337, 859
What are the prime factors of 12496725?
3, 5, 55541
List the prime factors of 469649.
469649
What are the prime factors of 4039834?
2, 521, 3877
List the prime factors of 2228963.
11, 97, 2089
What are the prime factors of 5602633?
1543, 3631
List the prime factors of 341711.
23, 83, 179
What are the prime fact